 106 divide 365194592?
True
Is 18 a factor of 7415794?
False
Does 1961 divide 20441464?
True
Is 37529344 a multiple of 123?
False
Is 11 a factor of 205452120?
False
Is 12 a factor of 1182928704?
True
Is 34074489 a multiple of 850?
False
Is 206022096 a multiple of 4486?
False
Is 1472 a factor of 27467806?
False
Is 48458943 a multiple of 1478?
False
Is 1166265180 a multiple of 606?
True
Is 18 a factor of 1629002370?
False
Is 16051166 a multiple of 1255?
False
Is 130096366 a multiple of 568?
False
Is 476 a factor of 766048083?
False
Is 14 a factor of 460421542?
True
Is 72308855 a multiple of 2105?
True
Is 5527011 a multiple of 1220?
False
Is 120 a factor of 364902960?
True
Is 3381070 a multiple of 70?
True
Is 171342991 even?
False
Is 28433504 a multiple of 2?
True
Is 116862988 a multiple of 22?
True
Does 394 divide 2857119308?
False
Does 27 divide 111976398?
True
Does 167 divide 5665141?
True
Is 11 a factor of 414061107?
False
Is 7749826 a multiple of 1022?
True
Is 669707012 a multiple of 5009?
False
Is 91 a factor of 26693030?
True
Is 122 a factor of 475416513?
False
Is 65755237 a multiple of 80?
False
Does 2316 divide 311992992?
True
Is 11275912 a multiple of 289?
False
Does 30 divide 875237946?
False
Does 30 divide 49612260?
True
Does 25 divide 90306184?
False
Is 203588553 a multiple of 57?
True
Is 10932 a factor of 2453818584?
True
Is 216 a factor of 44917454?
False
Is 3099 a factor of 32948568?
True
Does 3096 divide 685454400?
True
Is 159 a factor of 960717356?
False
Does 1204 divide 166608316?
True
Is 11073 a factor of 278593193?
False
Is 25 a factor of 3861625?
True
Is 1900964 a multiple of 597?
False
Is 113665108 a multiple of 651?
False
Does 4 divide 1615987561?
False
Is 1841 a factor of 3498911610?
False
Is 1837 a factor of 15520137?
False
Is 35021786 a multiple of 662?
True
Is 78 a factor of 96789420?
True
Is 809 a factor of 1347271386?
True
Is 9 a factor of 1513768319?
False
Is 49009598 a multiple of 121?
True
Is 252115784 a multiple of 31?
False
Does 4807 divide 88662073?
False
Does 245 divide 79319734?
False
Is 14 a factor of 2065594097?
False
Is 27018619 a multiple of 71?
False
Is 38 a factor of 59660912?
True
Is 1350 a factor of 1693375200?
True
Does 667 divide 18847307?
False
Is 3858 a factor of 495870677?
False
Does 547 divide 2411091985?
False
Is 197 a factor of 64709068?
False
Is 237 a factor of 16106558?
False
Is 569 a factor of 372314908?
True
Is 93628746 a multiple of 1422?
True
Does 105 divide 2306055?
False
Is 755 a factor of 3607390?
True
Is 8457020 a multiple of 143?
True
Is 177101090 a multiple of 190?
True
Is 103 a factor of 121596238?
True
Is 7 a factor of 10160717?
True
Does 124 divide 33956081?
False
Is 6 a factor of 47310519?
False
Does 172 divide 199890453?
False
Does 738 divide 1002794576?
False
Is 14 a factor of 56110961?
False
Does 1210 divide 533692787?
False
Is 49174399 a multiple of 69?
False
Is 1600366870 a multiple of 685?
True
Is 138936192 a multiple of 96?
True
Is 16 a factor of 516016208?
True
Is 553 a factor of 30414447?
True
Is 177311514 a multiple of 8479?
False
Is 26 a factor of 20511478?
True
Does 1609 divide 122282269?
False
Is 95439044 a multiple of 15?
False
Does 7 divide 200145222?
False
Is 7641 a factor of 439749461?
False
Is 539920505 a multiple of 2?
False
Is 18 a factor of 167684598?
True
Is 925 a factor of 1403202190?
False
Is 36273870 a multiple of 15?
True
Does 95 divide 305225186?
False
Does 342 divide 1418229162?
False
Is 284 a factor of 203125949?
False
Does 327 divide 377915700?
False
Is 37 a factor of 38227734?
True
Does 18 divide 182929719?
False
Does 9 divide 1227565710?
True
Is 139 a factor of 1245032450?
False
Is 236422364 a multiple of 12?
False
Is 15540330 a multiple of 195?
True
Does 68 divide 563574312?
False
Does 1849 divide 38258479?
False
Is 2432940957 a multiple of 443?
False
Is 10 a factor of 44199990?
True
Is 162 a factor of 2425980635?
False
Is 23177762 a multiple of 74?
True
Is 213 a factor of 121590837?
True
Is 84 a factor of 3111612?
True
Does 25 divide 163571130?
False
Does 232 divide 136200472?
True
Is 21 a factor of 936743?
False
Is 13 a factor of 3293689?
False
Is 194928024 a multiple of 696?
True
Does 25 divide 12671938?
False
Is 6896941 a multiple of 9?
False
Is 798 a factor of 3431279063?
False
Is 7 a factor of 8366711?
False
Is 118 a factor of 144729832?
True
Is 17 a factor of 14539167?
False
Is 5055 a factor of 3027112947?
False
Is 1673833555 a multiple of 33?
False
Is 7221655 a multiple of 115?
True
Is 386358889 a multiple of 513?
False
Does 33 divide 54153143?
False
Is 10996884 a multiple of 416?
False
Does 87 divide 265355481?
True
Is 149163728 a multiple of 52?
False
Is 13 a factor of 17725270?
False
Is 2083 a factor of 72670471?
False
Is 12 a factor of 16596557?
False
Is 1530477229 a multiple of 11?
False
Is 152097434 a multiple of 4103?
False
Is 50763440 a multiple of 208?
True
Is 16 a factor of 8194032?
True
Is 4607064 a multiple of 132?
True
Does 581 divide 996386531?
True
Is 161717621 a multiple of 114?
False
Is 3410 a factor of 501235900?
True
Is 107 a factor of 1601542616?
True
Does 7 divide 214941293?
True
Is 2227 a factor of 1444087015?
True
Is 2761 a factor of 3572104492?
True
Is 12551174 a multiple of 109?
False
Is 7 a factor of 304986631?
False
Is 1270 a factor of 190739619?
False
Is 600091951 a multiple of 6?
False
Does 289 divide 25312852?
False
Is 5992987 a multiple of 67?
False
Is 284346256 a multiple of 4610?
False
Does 3 divide 268955103?
True
Is 47185887 a multiple of 101?
True
Is 279658353 a multiple of 14?
False
Does 1050 divide 127271676?
False
Is 398245738 a multiple of 19?
True
Is 347 a factor of 23943207?
False
Does 9 divide 1938971196?
True
Is 19 a factor of 2659501840?
False
Does 651 divide 27741714?
True
Does 2 divide 27601881?
False
Is 249 a factor of 7562065?
False
Does 1359 divide 1439270694?
True
Does 2300 divide 4029600?
True
Does 127 divide 698154928?
False
Is 2848 a factor of 171285975?
False
Is 3008544417 a multiple of 437?
True
Is 3416 a factor of 27819904?
True
Does 184 divide 20630264?
True
Does 65 divide 4806041?
False
Is 138621736 a multiple of 3?
False
Is 23480184 a multiple of 1092?
True
Is 1235434956 a multiple of 23?
False
Is 133570304 a multiple of 2658?
False
Is 99 a factor of 88779438?
True
Is 478 a factor of 94253952?
True
Does 22 divide 18662637?
False
Does 9 divide 246171285?
True
Is 6 a factor of 1437453009?
False
Does 9 divide 1861814349?
True
Is 302422717 a multiple of 47?
False
Does 9 divide 49834851?
False
Is 52071127 a multiple of 49?
False
Does 100 divide 9227925?
False
Does 1308 divide 27604300?
False
Is 36280473 a multiple of 27?
False
Is 4 a factor of 126294372?
True
Is 1511023305 a multiple of 55?
True
Is 28062128 a multiple of 16?
True
Is 56 a factor of 24280480?
True
Is 17 a factor of 18457570?
False
Does 3504 divide 14856960?
True
Is 534530760 a multiple of 34?
False
Does 335 divide 281534833?
False
Is 6 a factor of 1476888604?
False
Is 39604551 a multiple of 3841?
True
Is 28 a factor of 6716853052?
True
Does 34 divide 6310481?
False
Is 1862603408 a multiple of 16?
True
Is 880 a factor of 8169841?
False
Is 644511157 a multiple of 81?
False
Is 128 a factor of 58793307?
False
Is 56 a factor of 6787032?
True
Is 7197 a factor of 778665814?
False
Does 282 divide 104394691?
False
Does 1409 divide 2081588462?
False
Is 572567415 a multiple of 15?
True
Is 6 a factor of 271824870?
True
Does 1616 divide 1838041632?
True
Does 1091 divide 1740537760?
True
Is 1663753652 a multiple of 44?
True
Does 33 divide 6949668?
True
Is 154 a factor of 196207853?
False
Is 74 a factor of 91699320?
True
Does 10 divide 17046443?
False
Is 73808061 a multiple of 95?
False
Is 4 a factor of 117282464?
True
Is 4 a factor of 633608?
True
Is 6301580 a multiple of 652?
True
Does 3296 divide 213100793?
False
Is 25 a factor of 4164605583?
False
Is 104 a factor of 280245784?
True
Is 13 a factor of 141872549?
True
Is 105246193 a multiple of 8?
False
Is 147 a factor of 1236688950?
True
Is 5408025 a multiple of 175?
True
Is 619588568 a multiple of 62?
True
Does 228 divide 55062228?
True
Is 52718484 a multiple of 546?
True
Is 663 a factor of 2227239105?
True
Does 94 divide 9633402?
True
Is 51 a factor of 43438278?
False
Is 301